{"id":11,"date":"2023-05-12T17:52:45","date_gmt":"2023-05-12T17:52:45","guid":{"rendered":"https:\/\/coach2.shazawa.com\/?page_id=11"},"modified":"2023-05-13T16:36:27","modified_gmt":"2023-05-13T16:36:27","slug":"qui-suis-je","status":"publish","type":"page","link":"https:\/\/coach2.shazawa.com\/index.php\/qui-suis-je\/","title":{"rendered":"Qui Suis-je"},"content":{"rendered":"<p>[et_pb_section fb_built=&#8221;1&#8243; fullwidth=&#8221;on&#8221; _builder_version=&#8221;4.21.0&#8243; _module_preset=&#8221;default&#8221; custom_margin=&#8221;-120px||||false|false&#8221; hover_enabled=&#8221;0&#8243; global_colors_info=&#8221;{}&#8221; custom_margin_last_edited=&#8221;on|phone&#8221; sticky_enabled=&#8221;0&#8243; custom_margin_tablet=&#8221;0px||||false|false&#8221; custom_margin_phone=&#8221;0px||||false|false&#8221;][et_pb_fullwidth_header title=&#8221;Salut, Je suis Marcel !&#8221; _builder_version=&#8221;4.21.0&#8243; _module_preset=&#8221;default&#8221; title_font=&#8221;Montserrat|||on|||||&#8221; title_text_align=&#8221;center&#8221; title_font_size=&#8221;50px&#8221; background_color=&#8221;rgba(0,0,0,0.39)&#8221; background_image=&#8221;http:\/\/coach2.shazawa.com\/wp-content\/uploads\/2023\/05\/coach-05-2-min.jpg&#8221; background_position=&#8221;top_center&#8221; background_blend=&#8221;overlay&#8221; custom_padding=&#8221;200px||200px||true|false&#8221; custom_padding_tablet=&#8221;200px||200px||true|false&#8221; custom_padding_phone=&#8221;186px||186px||true|false&#8221; custom_padding_last_edited=&#8221;on|phone&#8221; title_font_size_tablet=&#8221;50px&#8221; title_font_size_phone=&#8221;30px&#8221; title_font_size_last_edited=&#8221;on|phone&#8221; global_colors_info=&#8221;{}&#8221;][\/et_pb_fullwidth_header][\/et_pb_section][et_pb_section fb_built=&#8221;1&#8243; _builder_version=&#8221;4.21.0&#8243; _module_preset=&#8221;default&#8221; global_colors_info=&#8221;{}&#8221;][et_pb_row column_structure=&#8221;1_2,1_2&#8243; _builder_version=&#8221;4.21.0&#8243; _module_preset=&#8221;default&#8221; global_colors_info=&#8221;{}&#8221;][et_pb_column type=&#8221;1_2&#8243; _builder_version=&#8221;4.21.0&#8243; _module_preset=&#8221;default&#8221; global_colors_info=&#8221;{}&#8221;][et_pb_blurb title=&#8221;Ma Mission&#8221; _builder_version=&#8221;4.21.0&#8243; _module_preset=&#8221;default&#8221; header_level=&#8221;h3&#8243; header_font=&#8221;Montserrat|600||on|||||&#8221; global_colors_info=&#8221;{}&#8221;][\/et_pb_blurb][et_pb_divider color=&#8221;#FB2056&#8243; divider_weight=&#8221;3px&#8221; _builder_version=&#8221;4.21.0&#8243; _module_preset=&#8221;default&#8221; width=&#8221;15%&#8221; custom_margin=&#8221;-20px||3px||false|false&#8221; global_colors_info=&#8221;{}&#8221;][\/et_pb_divider][et_pb_text _builder_version=&#8221;4.21.0&#8243; _module_preset=&#8221;default&#8221; text_font=&#8221;Montserrat||||||||&#8221; text_font_size=&#8221;16px&#8221; global_colors_info=&#8221;{}&#8221;]Ma mission en tant que coach sportif est de vous accompagner dans votre parcours de remise en forme, de vous aider \u00e0 atteindre vos objectifs et de vous aider \u00e0 transformer votre vie. <\/p>\n<p>Je crois fermement que la remise en forme est bien plus qu&#8217;un simple entra\u00eenement physique, c&#8217;est un moyen de cultiver la confiance en soi, d&#8217;am\u00e9liorer la sant\u00e9 globale et de trouver un \u00e9quilibre entre le corps et l&#8217;esprit. Mon objectif est de vous guider avec bienveillance, de vous motiver \u00e0 repousser vos limites et de vous fournir les outils n\u00e9cessaires pour adopter un mode de vie sain et actif \u00e0 long terme.[\/et_pb_text][\/et_pb_column][et_pb_column type=&#8221;1_2&#8243; _builder_version=&#8221;4.21.0&#8243; _module_preset=&#8221;default&#8221; global_colors_info=&#8221;{}&#8221;][et_pb_image src=&#8221;http:\/\/coach2.shazawa.com\/wp-content\/uploads\/2023\/05\/coach-04-min.jpg&#8221; title_text=&#8221;coach-04-min&#8221; _builder_version=&#8221;4.21.0&#8243; _module_preset=&#8221;default&#8221; global_colors_info=&#8221;{}&#8221;][\/et_pb_image][\/et_pb_column][\/et_pb_row][\/et_pb_section][et_pb_section fb_built=&#8221;1&#8243; _builder_version=&#8221;4.21.0&#8243; _module_preset=&#8221;default&#8221; background_color=&#8221;#f8f8f8&#8243; global_colors_info=&#8221;{}&#8221;][et_pb_row column_structure=&#8221;1_2,1_2&#8243; _builder_version=&#8221;4.21.0&#8243; _module_preset=&#8221;default&#8221; global_colors_info=&#8221;{}&#8221;][et_pb_column type=&#8221;1_2&#8243; _builder_version=&#8221;4.21.0&#8243; _module_preset=&#8221;default&#8221; global_colors_info=&#8221;{}&#8221;][et_pb_blurb title=&#8221;Mes exp\u00e9riences&#8221; _builder_version=&#8221;4.21.0&#8243; _module_preset=&#8221;default&#8221; header_font=&#8221;Montserrat|600|||||||&#8221; locked=&#8221;off&#8221; global_colors_info=&#8221;{}&#8221;][\/et_pb_blurb][et_pb_divider color=&#8221;#FB2056&#8243; divider_weight=&#8221;3px&#8221; _builder_version=&#8221;4.21.0&#8243; _module_preset=&#8221;default&#8221; width=&#8221;15%&#8221; custom_margin=&#8221;-20px||3px||false|false&#8221; locked=&#8221;off&#8221; global_colors_info=&#8221;{}&#8221;][\/et_pb_divider][et_pb_text _builder_version=&#8221;4.21.0&#8243; _module_preset=&#8221;default&#8221; text_font=&#8221;Montserrat||||||||&#8221; text_font_size=&#8221;16px&#8221; locked=&#8221;off&#8221; global_colors_info=&#8221;{}&#8221;]Avec plus de 10 ans d&#8217;exp\u00e9rience dans le domaine de la remise en forme, j&#8217;ai acquis une solide expertise dans divers domaines de l&#8217;entra\u00eenement. J&#8217;ai travaill\u00e9 avec des clients de tous les niveaux, des d\u00e9butants aux athl\u00e8tes confirm\u00e9s, et j&#8217;ai constat\u00e9 les d\u00e9fis uniques auxquels chacun peut \u00eatre confront\u00e9. Mon exp\u00e9rience pratique combin\u00e9e \u00e0 ma formation acad\u00e9mique en sciences du sport me permet de concevoir des programmes d&#8217;entra\u00eenement personnalis\u00e9s et efficaces, adapt\u00e9s \u00e0 vos besoins sp\u00e9cifiques. Je suis constamment \u00e0 l&#8217;aff\u00fbt des derni\u00e8res tendances et des nouvelles m\u00e9thodes d&#8217;entra\u00eenement afin de vous offrir des s\u00e9ances vari\u00e9es et motivantes.[\/et_pb_text][\/et_pb_column][et_pb_column type=&#8221;1_2&#8243; _builder_version=&#8221;4.21.0&#8243; _module_preset=&#8221;default&#8221; global_colors_info=&#8221;{}&#8221;][et_pb_blurb title=&#8221;Mes certifications&#8221; _builder_version=&#8221;4.21.0&#8243; _module_preset=&#8221;default&#8221; header_font=&#8221;Montserrat|600|||||||&#8221; locked=&#8221;off&#8221; global_colors_info=&#8221;{}&#8221;][\/et_pb_blurb][et_pb_divider color=&#8221;#FB2056&#8243; divider_weight=&#8221;3px&#8221; _builder_version=&#8221;4.21.0&#8243; _module_preset=&#8221;default&#8221; width=&#8221;15%&#8221; custom_margin=&#8221;-20px||3px||false|false&#8221; locked=&#8221;off&#8221; global_colors_info=&#8221;{}&#8221;][\/et_pb_divider][et_pb_text _builder_version=&#8221;4.21.0&#8243; _module_preset=&#8221;default&#8221; text_font=&#8221;Montserrat||||||||&#8221; text_font_size=&#8221;16px&#8221; locked=&#8221;off&#8221; global_colors_info=&#8221;{}&#8221;]En tant que professionnel de la remise en forme, je suis fier de d\u00e9tenir plusieurs certifications reconnues.<br \/>\nJ&#8217;ai obtenu ma certification en coaching personnel aupr\u00e8s de l&#8217;organisme XYZ, ce qui atteste de mes comp\u00e9tences en mati\u00e8re de planification d&#8217;entra\u00eenement, de technique d&#8217;exercice, de nutrition et de suivi des progr\u00e8s. Je suis \u00e9galement certifi\u00e9 en premiers secours et en RCR, afin de garantir votre s\u00e9curit\u00e9 et votre bien-\u00eatre pendant nos s\u00e9ances d&#8217;entra\u00eenement.[\/et_pb_text][\/et_pb_column][\/et_pb_row][\/et_pb_section]<\/p>\n","protected":false},"excerpt":{"rendered":"<p>Ma mission en tant que coach sportif est de vous accompagner dans votre parcours de remise en forme, de vous aider \u00e0 atteindre vos objectifs et de vous aider \u00e0 transformer votre vie. Je crois fermement que la remise en forme est bien plus qu&#8217;un simple entra\u00eenement physique, c&#8217;est un moyen de cultiver la confiance [&hellip;]<\/p>\n","protected":false},"author":1,"featured_media":0,"parent":0,"menu_order":0,"comment_status":"closed","ping_status":"closed","template":"","meta":{"_et_pb_use_builder":"on","_et_pb_old_content":"<!-- wp:divi\/placeholder \/-->","_et_gb_content_width":""},"_links":{"self":[{"href":"https:\/\/coach2.shazawa.com\/index.php\/wp-json\/wp\/v2\/pages\/11"}],"collection":[{"href":"https:\/\/coach2.shazawa.com\/index.php\/wp-json\/wp\/v2\/pages"}],"about":[{"href":"https:\/\/coach2.shazawa.com\/index.php\/wp-json\/wp\/v2\/types\/page"}],"author":[{"embeddable":true,"href":"https:\/\/coach2.shazawa.com\/index.php\/wp-json\/wp\/v2\/users\/1"}],"replies":[{"embeddable":true,"href":"https:\/\/coach2.shazawa.com\/index.php\/wp-json\/wp\/v2\/comments?post=11"}],"version-history":[{"count":13,"href":"https:\/\/coach2.shazawa.com\/index.php\/wp-json\/wp\/v2\/pages\/11\/revisions"}],"predecessor-version":[{"id":149,"href":"https:\/\/coach2.shazawa.com\/index.php\/wp-json\/wp\/v2\/pages\/11\/revisions\/149"}],"wp:attachment":[{"href":"https:\/\/coach2.shazawa.com\/index.php\/wp-json\/wp\/v2\/media?parent=11"}],"curies":[{"name":"wp","href":"https:\/\/api.w.org\/{rel}","templated":true}]}}