{"id":185,"date":"2023-05-13T18:39:04","date_gmt":"2023-05-13T18:39:04","guid":{"rendered":"https:\/\/coach2.shazawa.com\/?page_id=185"},"modified":"2023-05-13T20:24:09","modified_gmt":"2023-05-13T20:24:09","slug":"temoignages","status":"publish","type":"page","link":"https:\/\/coach2.shazawa.com\/index.php\/temoignages\/","title":{"rendered":"T\u00e9moignages"},"content":{"rendered":"<p>[et_pb_section fb_built=&#8221;1&#8243; fullwidth=&#8221;on&#8221; _builder_version=&#8221;4.21.0&#8243; _module_preset=&#8221;default&#8221; custom_margin=&#8221;-120px||||false|false&#8221; custom_margin_tablet=&#8221;0px||||false|false&#8221; custom_margin_phone=&#8221;&#8221; custom_margin_last_edited=&#8221;on|phone&#8221; global_colors_info=&#8221;{}&#8221; theme_builder_area=&#8221;post_content&#8221;][et_pb_fullwidth_header title=&#8221;Mes clients heureux&#8221; _builder_version=&#8221;4.21.0&#8243; _module_preset=&#8221;default&#8221; title_font=&#8221;Montserrat|||on|||||&#8221; title_text_align=&#8221;center&#8221; title_font_size=&#8221;50px&#8221; background_color=&#8221;rgba(0,0,0,0.39)&#8221; background_image=&#8221;http:\/\/coach2.shazawa.com\/wp-content\/uploads\/2023\/05\/testimonials-01-min.jpg&#8221; background_blend=&#8221;overlay&#8221; custom_padding=&#8221;200px||200px||true|false&#8221; custom_padding_tablet=&#8221;200px||200px||true|false&#8221; custom_padding_phone=&#8221;186px||186px||true|false&#8221; custom_padding_last_edited=&#8221;on|phone&#8221; hover_enabled=&#8221;0&#8243; title_font_size_tablet=&#8221;50px&#8221; title_font_size_phone=&#8221;30px&#8221; title_font_size_last_edited=&#8221;on|phone&#8221; global_colors_info=&#8221;{}&#8221; theme_builder_area=&#8221;post_content&#8221; sticky_enabled=&#8221;0&#8243; title_text=&#8221;testimonials-01-min&#8221;][\/et_pb_fullwidth_header][\/et_pb_section][et_pb_section fb_built=&#8221;1&#8243; theme_builder_area=&#8221;post_content&#8221; _builder_version=&#8221;4.21.0&#8243; _module_preset=&#8221;default&#8221; custom_padding=&#8221;0px||||false|false&#8221; background_color=&#8221;#000000&#8243; hover_enabled=&#8221;0&#8243; sticky_enabled=&#8221;0&#8243;][et_pb_row _builder_version=&#8221;4.21.0&#8243; _module_preset=&#8221;default&#8221; theme_builder_area=&#8221;post_content&#8221; column_structure=&#8221;2_5,3_5&#8243; hover_enabled=&#8221;0&#8243; sticky_enabled=&#8221;0&#8243; make_equal=&#8221;on&#8221;][et_pb_column _builder_version=&#8221;4.21.0&#8243; _module_preset=&#8221;default&#8221; type=&#8221;2_5&#8243; theme_builder_area=&#8221;post_content&#8221;][et_pb_image src=&#8221;http:\/\/coach2.shazawa.com\/wp-content\/uploads\/2023\/05\/temoignages-03-min.jpg&#8221; _builder_version=&#8221;4.21.0&#8243; _module_preset=&#8221;default&#8221; theme_builder_area=&#8221;post_content&#8221; title_text=&#8221;temoignages-03-min&#8221; hover_enabled=&#8221;0&#8243; sticky_enabled=&#8221;0&#8243;][\/et_pb_image][\/et_pb_column][et_pb_column _builder_version=&#8221;4.21.0&#8243; _module_preset=&#8221;default&#8221; type=&#8221;3_5&#8243; theme_builder_area=&#8221;post_content&#8221; custom_css_main_element=&#8221;margin: auto;&#8221; hover_enabled=&#8221;0&#8243; sticky_enabled=&#8221;0&#8243;][et_pb_text _builder_version=&#8221;4.21.0&#8243; _module_preset=&#8221;default&#8221; theme_builder_area=&#8221;post_content&#8221; text_font=&#8221;Montserrat|600||on|||||&#8221; text_font_size=&#8221;15px&#8221; text_letter_spacing=&#8221;3px&#8221; text_text_color=&#8221;#FB2056&#8243; hover_enabled=&#8221;0&#8243; sticky_enabled=&#8221;0&#8243;]<\/p>\n<p>Client en vedette<\/p>\n<p>[\/et_pb_text][et_pb_blurb title=&#8221;%22La vari\u00e9t\u00e9, la cr\u00e9ativit\u00e9 et l\u2019\u00e9nergie de Marcel sont in\u00e9gal\u00e9es.%22&#8243; _builder_version=&#8221;4.21.0&#8243; _module_preset=&#8221;default&#8221; theme_builder_area=&#8221;post_content&#8221; header_font=&#8221;Montserrat|||on|||||&#8221; header_text_color=&#8221;#FFFFFF&#8221; header_font_size=&#8221;30px&#8221; header_line_height=&#8221;1.3em&#8221; hover_enabled=&#8221;0&#8243; sticky_enabled=&#8221;0&#8243; custom_margin=&#8221;|||-75px|false|false&#8221; body_font=&#8221;Montserrat||||||||&#8221; body_text_color=&#8221;#FFFFFF&#8221;]<\/p>\n<p>&#8220;J&#8217;ai eu la chance de travailler avec lui en tant que mon coach sportif et je suis totalement ravie des r\u00e9sultats que j&#8217;ai obtenus. Marcel a su rendre chaque s\u00e9ance d&#8217;entra\u00eenement passionnante et motivante gr\u00e2ce \u00e0 sa capacit\u00e9 \u00e0 apporter une vari\u00e9t\u00e9 d&#8217;exercices et de techniques. Chaque s\u00e9ance \u00e9tait unique et je ne savais jamais \u00e0 quoi m&#8217;attendre, ce qui rendait l&#8217;exp\u00e9rience encore plus excitante. Son \u00e9nergie contagieuse et son engagement envers mes objectifs m&#8217;ont vraiment pouss\u00e9e \u00e0 me surpasser et \u00e0 repousser mes limites. Gr\u00e2ce \u00e0 Marcel, j&#8217;ai atteint des r\u00e9sultats que je n&#8217;aurais jamais cru possibles. Je le recommande vivement.&#8221;<\/p>\n<p>[\/et_pb_blurb][et_pb_text _builder_version=&#8221;4.21.0&#8243; _module_preset=&#8221;default&#8221; theme_builder_area=&#8221;post_content&#8221; text_font=&#8221;Mrs Saint Delafield||||||||&#8221; text_text_color=&#8221;#FFFFFF&#8221; text_font_size=&#8221;19px&#8221; hover_enabled=&#8221;0&#8243; sticky_enabled=&#8221;0&#8243; custom_margin=&#8221;||||false|false&#8221;]<\/p>\n<p><span class=\"agsdi-icon\" data-icon=\"agsdix-seth-icon_star\" style=\"color: #e3a107!important; font-size: 16;\">icon_star icon<\/span><span class=\"agsdi-icon\" data-icon=\"agsdix-seth-icon_star\" style=\"color: #e3a107!important; font-size: 16;\">icon_star icon<\/span><span class=\"agsdi-icon\" data-icon=\"agsdix-seth-icon_star\" style=\"color: #e3a107!important; font-size: 16;\">icon_star icon<\/span><span class=\"agsdi-icon\" data-icon=\"agsdix-seth-icon_star\" style=\"color: #e3a107!important; font-size: 16;\">icon_star icon<\/span><span class=\"agsdi-icon\" data-icon=\"agsdix-seth-icon_star-half_alt\" style=\"color: #e3a107!important; font-size: 16;\">icon_star half_alt icon<\/span> \u00a0 \u00a0Claudine Bernard<\/p>\n<p>[\/et_pb_text][\/et_pb_column][\/et_pb_row][\/et_pb_section][et_pb_section fb_built=&#8221;1&#8243; theme_builder_area=&#8221;post_content&#8221; _builder_version=&#8221;4.21.0&#8243; _module_preset=&#8221;default&#8221;][et_pb_row _builder_version=&#8221;4.21.0&#8243; _module_preset=&#8221;default&#8221; theme_builder_area=&#8221;post_content&#8221; column_structure=&#8221;1_4,3_4&#8243; make_equal=&#8221;on&#8221; hover_enabled=&#8221;0&#8243; sticky_enabled=&#8221;0&#8243;][et_pb_column _builder_version=&#8221;4.21.0&#8243; _module_preset=&#8221;default&#8221; type=&#8221;1_4&#8243; theme_builder_area=&#8221;post_content&#8221; hover_enabled=&#8221;0&#8243; sticky_enabled=&#8221;0&#8243; custom_css_main_element=&#8221;margin: auto;&#8221;][et_pb_image src=&#8221;http:\/\/coach2.shazawa.com\/wp-content\/uploads\/2023\/05\/temoignages-02-min-e1684007748436.jpg&#8221; _builder_version=&#8221;4.21.0&#8243; _module_preset=&#8221;default&#8221; theme_builder_area=&#8221;post_content&#8221; title_text=&#8221;temoignages-02-min&#8221; hover_enabled=&#8221;0&#8243; sticky_enabled=&#8221;0&#8243; border_radii=&#8221;on|110px|110px|110px|110px&#8221; width=&#8221;40%&#8221; module_alignment=&#8221;center&#8221; show_bottom_space=&#8221;off&#8221;][\/et_pb_image][et_pb_text _builder_version=&#8221;4.21.0&#8243; _module_preset=&#8221;default&#8221; theme_builder_area=&#8221;post_content&#8221; hover_enabled=&#8221;0&#8243; sticky_enabled=&#8221;0&#8243; text_orientation=&#8221;center&#8221; text_font=&#8221;|600|||||||&#8221;]<\/p>\n<p>Catherine Menard<\/p>\n<p>[\/et_pb_text][\/et_pb_column][et_pb_column _builder_version=&#8221;4.21.0&#8243; _module_preset=&#8221;default&#8221; type=&#8221;3_4&#8243; theme_builder_area=&#8221;post_content&#8221; custom_css_main_element=&#8221;margin: auto;&#8221; hover_enabled=&#8221;0&#8243; sticky_enabled=&#8221;0&#8243;][et_pb_text _builder_version=&#8221;4.21.0&#8243; _module_preset=&#8221;default&#8221; theme_builder_area=&#8221;post_content&#8221; text_text_color=&#8221;#000000&#8243; hover_enabled=&#8221;0&#8243; sticky_enabled=&#8221;0&#8243;]<\/p>\n<p><span class=\"agsdi-icon\" data-icon=\"agsdix-seth-icon_star\" style=\"color: #e3a107!important; font-size: 16;\">icon_star icon<\/span><span class=\"agsdi-icon\" data-icon=\"agsdix-seth-icon_star\" style=\"color: #e3a107!important; font-size: 16;\">icon_star icon<\/span><span class=\"agsdi-icon\" data-icon=\"agsdix-seth-icon_star\" style=\"color: #e3a107!important; font-size: 16;\">icon_star icon<\/span><span class=\"agsdi-icon\" data-icon=\"agsdix-seth-icon_star\" style=\"color: #e3a107!important; font-size: 16;\">icon_star icon<\/span><span class=\"agsdi-icon\" data-icon=\"agsdix-seth-icon_star-half_alt\" style=\"color: #e3a107!important; font-size: 16;\">icon_star half_alt icon<\/span> <\/p>\n<p>Your content goes here. Edit or remove this text inline or in the module Content settings. You can also style every aspect of this content in the module Design settings and even apply custom CSS to this text in the module Advanced settings.<\/p>\n<p>[\/et_pb_text][\/et_pb_column][\/et_pb_row][et_pb_row _builder_version=&#8221;4.21.0&#8243; _module_preset=&#8221;default&#8221; theme_builder_area=&#8221;post_content&#8221; column_structure=&#8221;3_4,1_4&#8243; make_equal=&#8221;on&#8221; hover_enabled=&#8221;0&#8243; sticky_enabled=&#8221;0&#8243;][et_pb_column _builder_version=&#8221;4.21.0&#8243; _module_preset=&#8221;default&#8221; type=&#8221;3_4&#8243; theme_builder_area=&#8221;post_content&#8221; hover_enabled=&#8221;0&#8243; sticky_enabled=&#8221;0&#8243; custom_css_main_element=&#8221;margin: auto;&#8221;][et_pb_text _builder_version=&#8221;4.21.0&#8243; _module_preset=&#8221;default&#8221; theme_builder_area=&#8221;post_content&#8221; text_text_color=&#8221;#000000&#8243; hover_enabled=&#8221;0&#8243; sticky_enabled=&#8221;0&#8243; locked=&#8221;off&#8221;]<\/p>\n<p><span class=\"agsdi-icon\" data-icon=\"agsdix-seth-icon_star\" style=\"color: #e3a107!important; font-size: 16;\">icon_star icon<\/span><span class=\"agsdi-icon\" data-icon=\"agsdix-seth-icon_star\" style=\"color: #e3a107!important; font-size: 16;\">icon_star icon<\/span><span class=\"agsdi-icon\" data-icon=\"agsdix-seth-icon_star\" style=\"color: #e3a107!important; font-size: 16;\">icon_star icon<\/span><span class=\"agsdi-icon\" data-icon=\"agsdix-seth-icon_star\" style=\"color: #e3a107!important; font-size: 16;\">icon_star icon<\/span><span class=\"agsdi-icon\" data-icon=\"agsdix-seth-icon_star-half_alt\" style=\"color: #e3a107!important; font-size: 16;\">icon_star half_alt icon<\/span> <\/p>\n<p>Your content goes here. Edit or remove this text inline or in the module Content settings. You can also style every aspect of this content in the module Design settings and even apply custom CSS to this text in the module Advanced settings.<\/p>\n<p>[\/et_pb_text][\/et_pb_column][et_pb_column _builder_version=&#8221;4.21.0&#8243; _module_preset=&#8221;default&#8221; type=&#8221;1_4&#8243; theme_builder_area=&#8221;post_content&#8221; custom_css_main_element=&#8221;margin: auto;&#8221; hover_enabled=&#8221;0&#8243; sticky_enabled=&#8221;0&#8243;][et_pb_image src=&#8221;http:\/\/coach2.shazawa.com\/wp-content\/uploads\/2023\/05\/temoignages-01-min-e1684008775163.jpg&#8221; _builder_version=&#8221;4.21.0&#8243; _module_preset=&#8221;default&#8221; theme_builder_area=&#8221;post_content&#8221; title_text=&#8221;temoignages-01-min&#8221; hover_enabled=&#8221;0&#8243; sticky_enabled=&#8221;0&#8243; border_radii=&#8221;on|110px|110px|110px|110px&#8221; width=&#8221;40%&#8221; module_alignment=&#8221;center&#8221; show_bottom_space=&#8221;off&#8221; locked=&#8221;off&#8221;][\/et_pb_image][et_pb_text _builder_version=&#8221;4.21.0&#8243; _module_preset=&#8221;default&#8221; theme_builder_area=&#8221;post_content&#8221; hover_enabled=&#8221;0&#8243; sticky_enabled=&#8221;0&#8243; text_orientation=&#8221;center&#8221; text_font=&#8221;|600|||||||&#8221; locked=&#8221;off&#8221;]<\/p>\n<p>Arlette Martin<\/p>\n<p>[\/et_pb_text][\/et_pb_column][\/et_pb_row][et_pb_row _builder_version=&#8221;4.21.0&#8243; _module_preset=&#8221;default&#8221; theme_builder_area=&#8221;post_content&#8221; column_structure=&#8221;1_4,3_4&#8243; make_equal=&#8221;on&#8221; hover_enabled=&#8221;0&#8243; sticky_enabled=&#8221;0&#8243;][et_pb_column _builder_version=&#8221;4.21.0&#8243; _module_preset=&#8221;default&#8221; type=&#8221;1_4&#8243; theme_builder_area=&#8221;post_content&#8221; hover_enabled=&#8221;0&#8243; sticky_enabled=&#8221;0&#8243; custom_css_main_element=&#8221;margin: auto;&#8221;][et_pb_image src=&#8221;http:\/\/coach2.shazawa.com\/wp-content\/uploads\/2023\/05\/temoignages-02-min-e1684007748436.jpg&#8221; _builder_version=&#8221;4.21.0&#8243; _module_preset=&#8221;default&#8221; theme_builder_area=&#8221;post_content&#8221; title_text=&#8221;temoignages-02-min&#8221; hover_enabled=&#8221;0&#8243; sticky_enabled=&#8221;0&#8243; border_radii=&#8221;on|110px|110px|110px|110px&#8221; width=&#8221;40%&#8221; module_alignment=&#8221;center&#8221; show_bottom_space=&#8221;off&#8221;][\/et_pb_image][et_pb_text _builder_version=&#8221;4.21.0&#8243; _module_preset=&#8221;default&#8221; theme_builder_area=&#8221;post_content&#8221; hover_enabled=&#8221;0&#8243; sticky_enabled=&#8221;0&#8243; text_orientation=&#8221;center&#8221; text_font=&#8221;|600|||||||&#8221;]<\/p>\n<p>Catherine Menard<\/p>\n<p>[\/et_pb_text][\/et_pb_column][et_pb_column _builder_version=&#8221;4.21.0&#8243; _module_preset=&#8221;default&#8221; type=&#8221;3_4&#8243; theme_builder_area=&#8221;post_content&#8221; custom_css_main_element=&#8221;margin: auto;&#8221; hover_enabled=&#8221;0&#8243; sticky_enabled=&#8221;0&#8243;][et_pb_text _builder_version=&#8221;4.21.0&#8243; _module_preset=&#8221;default&#8221; theme_builder_area=&#8221;post_content&#8221; text_text_color=&#8221;#000000&#8243; hover_enabled=&#8221;0&#8243; sticky_enabled=&#8221;0&#8243;]<\/p>\n<p><span class=\"agsdi-icon\" data-icon=\"agsdix-seth-icon_star\" style=\"color: #e3a107!important; font-size: 16;\">icon_star icon<\/span><span class=\"agsdi-icon\" data-icon=\"agsdix-seth-icon_star\" style=\"color: #e3a107!important; font-size: 16;\">icon_star icon<\/span><span class=\"agsdi-icon\" data-icon=\"agsdix-seth-icon_star\" style=\"color: #e3a107!important; font-size: 16;\">icon_star icon<\/span><span class=\"agsdi-icon\" data-icon=\"agsdix-seth-icon_star\" style=\"color: #e3a107!important; font-size: 16;\">icon_star icon<\/span><span class=\"agsdi-icon\" data-icon=\"agsdix-seth-icon_star-half_alt\" style=\"color: #e3a107!important; font-size: 16;\">icon_star half_alt icon<\/span> <\/p>\n<p>Your content goes here. Edit or remove this text inline or in the module Content settings. You can also style every aspect of this content in the module Design settings and even apply custom CSS to this text in the module Advanced settings.<\/p>\n<p>[\/et_pb_text][\/et_pb_column][\/et_pb_row][et_pb_row _builder_version=&#8221;4.21.0&#8243; _module_preset=&#8221;default&#8221; theme_builder_area=&#8221;post_content&#8221; column_structure=&#8221;3_4,1_4&#8243; make_equal=&#8221;on&#8221; hover_enabled=&#8221;0&#8243; sticky_enabled=&#8221;0&#8243;][et_pb_column _builder_version=&#8221;4.21.0&#8243; _module_preset=&#8221;default&#8221; type=&#8221;3_4&#8243; theme_builder_area=&#8221;post_content&#8221; hover_enabled=&#8221;0&#8243; sticky_enabled=&#8221;0&#8243; custom_css_main_element=&#8221;margin: auto;&#8221;][et_pb_text _builder_version=&#8221;4.21.0&#8243; _module_preset=&#8221;default&#8221; theme_builder_area=&#8221;post_content&#8221; text_text_color=&#8221;#000000&#8243; hover_enabled=&#8221;0&#8243; sticky_enabled=&#8221;0&#8243; locked=&#8221;off&#8221;]<\/p>\n<p><span class=\"agsdi-icon\" data-icon=\"agsdix-seth-icon_star\" style=\"color: #e3a107!important; font-size: 16;\">icon_star icon<\/span><span class=\"agsdi-icon\" data-icon=\"agsdix-seth-icon_star\" style=\"color: #e3a107!important; font-size: 16;\">icon_star icon<\/span><span class=\"agsdi-icon\" data-icon=\"agsdix-seth-icon_star\" style=\"color: #e3a107!important; font-size: 16;\">icon_star icon<\/span><span class=\"agsdi-icon\" data-icon=\"agsdix-seth-icon_star\" style=\"color: #e3a107!important; font-size: 16;\">icon_star icon<\/span><span class=\"agsdi-icon\" data-icon=\"agsdix-seth-icon_star-half_alt\" style=\"color: #e3a107!important; font-size: 16;\">icon_star half_alt icon<\/span> <\/p>\n<p>Your content goes here. Edit or remove this text inline or in the module Content settings. You can also style every aspect of this content in the module Design settings and even apply custom CSS to this text in the module Advanced settings.<\/p>\n<p>[\/et_pb_text][\/et_pb_column][et_pb_column _builder_version=&#8221;4.21.0&#8243; _module_preset=&#8221;default&#8221; type=&#8221;1_4&#8243; theme_builder_area=&#8221;post_content&#8221; custom_css_main_element=&#8221;margin: auto;&#8221; hover_enabled=&#8221;0&#8243; sticky_enabled=&#8221;0&#8243;][et_pb_image src=&#8221;http:\/\/coach2.shazawa.com\/wp-content\/uploads\/2023\/05\/temoignages-01-min-e1684008775163.jpg&#8221; _builder_version=&#8221;4.21.0&#8243; _module_preset=&#8221;default&#8221; theme_builder_area=&#8221;post_content&#8221; title_text=&#8221;temoignages-01-min&#8221; hover_enabled=&#8221;0&#8243; sticky_enabled=&#8221;0&#8243; border_radii=&#8221;on|110px|110px|110px|110px&#8221; width=&#8221;40%&#8221; module_alignment=&#8221;center&#8221; show_bottom_space=&#8221;off&#8221; locked=&#8221;off&#8221;][\/et_pb_image][et_pb_text _builder_version=&#8221;4.21.0&#8243; _module_preset=&#8221;default&#8221; theme_builder_area=&#8221;post_content&#8221; hover_enabled=&#8221;0&#8243; sticky_enabled=&#8221;0&#8243; text_orientation=&#8221;center&#8221; text_font=&#8221;|600|||||||&#8221; locked=&#8221;off&#8221;]<\/p>\n<p>Arlette Martin<\/p>\n<p>[\/et_pb_text][\/et_pb_column][\/et_pb_row][\/et_pb_section]<\/p>\n","protected":false},"excerpt":{"rendered":"<p>Client en vedette&#8221;J&#8217;ai eu la chance de travailler avec lui en tant que mon coach sportif et je suis totalement ravie des r\u00e9sultats que j&#8217;ai obtenus. Marcel a su rendre chaque s\u00e9ance d&#8217;entra\u00eenement passionnante et motivante gr\u00e2ce \u00e0 sa capacit\u00e9 \u00e0 apporter une vari\u00e9t\u00e9 d&#8217;exercices et de techniques. Chaque s\u00e9ance \u00e9tait unique et je ne [&hellip;]<\/p>\n","protected":false},"author":1,"featured_media":0,"parent":0,"menu_order":0,"comment_status":"closed","ping_status":"closed","template":"","meta":{"_et_pb_use_builder":"on","_et_pb_old_content":"","_et_gb_content_width":""},"_links":{"self":[{"href":"https:\/\/coach2.shazawa.com\/index.php\/wp-json\/wp\/v2\/pages\/185"}],"collection":[{"href":"https:\/\/coach2.shazawa.com\/index.php\/wp-json\/wp\/v2\/pages"}],"about":[{"href":"https:\/\/coach2.shazawa.com\/index.php\/wp-json\/wp\/v2\/types\/page"}],"author":[{"embeddable":true,"href":"https:\/\/coach2.shazawa.com\/index.php\/wp-json\/wp\/v2\/users\/1"}],"replies":[{"embeddable":true,"href":"https:\/\/coach2.shazawa.com\/index.php\/wp-json\/wp\/v2\/comments?post=185"}],"version-history":[{"count":13,"href":"https:\/\/coach2.shazawa.com\/index.php\/wp-json\/wp\/v2\/pages\/185\/revisions"}],"predecessor-version":[{"id":211,"href":"https:\/\/coach2.shazawa.com\/index.php\/wp-json\/wp\/v2\/pages\/185\/revisions\/211"}],"wp:attachment":[{"href":"https:\/\/coach2.shazawa.com\/index.php\/wp-json\/wp\/v2\/media?parent=185"}],"curies":[{"name":"wp","href":"https:\/\/api.w.org\/{rel}","templated":true}]}}